r(v) = v**3 - 7*v**2 - 15*v - 1. Let l = 28 - 32. Let s(k) = -2*k**3 + 15*k**2 + 29*k + 3. Let n(i) = l*s(i) - 7*r(i). Calculate n(12).
7
Let l(f) = -283*f**2 + 1741*f - 571. Let v(h) = 64*h**2 - 387*h + 127. Let g(x) = 5*l(x) + 22*v(x). Determine g(27).
-7
Let a(c) = -3702 + 7485 - c**2 - 24*c + 0*c**2 - 3733. Determine a(2).
-2
Let r(f) = 5*f + 93. Let c be r(-18). Let h(u) = 43*u**2 - 94*u**2 + 44*u**2 + 2 + 4*u**c - 3*u**3 - 6*u. Give h(7).
-40
Let l = 7 - 5. Let o be 2*-1*4/l. Let r(w) be the second derivative of w**4/12 + 2*w**3/3 + 3*w**2/2 + 53643*w. Determine r(o).
3
Let o(p) = -12*p + 49. Let t(b) = -17*b + 70. Let z(s) = 7*o(s) - 5*t(s). Calculate z(-20).
-27
Let i be (-8)/(-36) - (-427)/63. Let w(v) = -81 + 39 + 45 + v. Calculate w(i).
10
Let v(c) = 3*c + 58. Suppose -3*x - z - 49 = 0, 3*x = 2*z + 5 - 60. What is v(x)?
7
Suppose -83*a - 48 = -184*a + 85*a. Let l(m) be the third derivative of 0*m - 1/120*m**6 + 1/3*m**a + 1/12*m**4 - 1/30*m**5 + 0 - 43*m**2. What is l(-2)?
-2
Let d(v) = v**2 + 25*v - 88. Let s be d(4). Let z(u) = 4*u - 107. Determine z(s).
5
Let k(m) = 3*m**2 + 19*m + 16. Let s be k(-7). Suppose -4*o = s + 14. Let r(d) = -d - 3. Determine r(o).
8
Let a(z) = -z + 4. Let w = 54 - 48. Let h be ((-42)/(-5) - 2) + w/(-15). Suppose 19 = 5*f - h. What is a(f)?
-1
Let p be (-3 + 1)/(1*(0 - 1)). Let x(z) = -z**p - 4 + 5 + 4*z - 7 + 5. Suppose i - 1 + 8 = -3*k, 0 = -3*i - 2*k. Determine x(i).
3
Let j be 5 - -956 - 5 - -6. Let i(x) = -j*x - 969*x + 1936*x + 9. Give i(-8).
-31
Let f(n) = -17*n**3 - 47*n**2 + 83*n - 94. Let o(d) = 62*d**3 + 187*d**2 - 333*d + 374. Let z(w) = -11*f(w) - 3*o(w). What is z(42)?
-4
Let t(m) = 7*m**3 + 2*m**2 + m + 3. Let k(f) = -5*f**3 - f**2 - 2*f - 4. Let p(o) = 4*k(o) + 3*t(o). Calculate p(-4).
-19
Suppose 70 = 3*z - 8*z. Let m(k) = k**3 + 16*k**2 + 28*k + 1. Let w be m(z). Let u(g) = g - 5 + w - 5 - 3*g. What is u(-6)?
3
Let l(g) = 23*g**2 - 206*g - 9. Suppose 10*w - 233*w + 2655 = 72*w. Determine l(w).
0
Let v(s) = 2*s**3 + 74*s**2 + 138*s - 74. Suppose 0 = q + 4*n + 31, 1709*q - 1713*q + 3*n = 143. What is v(q)?
-4
Let b(a) be the second derivative of a**5/20 - a**4/6 + 2*a**3/3 - 1330*a. Determine b(-3).
-57
Suppose 0 = -4*h - 3*k - 2*k + 49, 0 = 5*h + 3*k - 45. Let j(i) = 19*i - 42. Let u be j(h). Let l = u + -77. Let x(t) = t**3 + 6*t**2 + 4*t + 3. Calculate x(l).
8
Let i be -67 + 59 - (-1 + -4). Let a(x) = x**2 - 2*x - 22. Determine a(i).
-7
Let u(k) = -15*k**3 - 5*k**2 + 4*k - 11. Let z(n) = -15*n**3 - 6*n**2 + 5*n - 14. Let w(t) = -5*u(t) + 4*z(t). Determine w(1).
15
Let w(n) = -29*n**3 - 14*n**2 - 20*n + 20. Let s(b) = -9*b**3 - 5*b**2 - 7*b + 7. Let f(i) = 17*s(i) - 6*w(i). Determine f(1).
20
Let t(v) = -10*v**3 - 2*v - 1. Let w(b) = 11*b**3 + 3*b**2 + 2*b - 2. Let d(m) = -2*t(m) - w(m). Calculate d(-1).
-10
Suppose r + 6 - 13 = -2*u, -4 = -r - 3*u. Let f(h) be the first derivative of h**2/2 - 17*h - 257. Give f(r).
-4
Let n(a) = -a**3 + 6*a**2 - 6*a. Let l be (-12)/(-16) - (-50)/8. Suppose -5*i + 45 = f - 6*f, -5*i + 35 = -4*f. Let v be l/((-35)/f) - -3. Give n(v).
-5
Let c(x) be the first derivative of -4*x**3 + x**2 - 3*x + 4401. What is c(3)?
-105
Let k(a) = -4*a - 2*a + 219205*a**2 - 6 - 219206*a**2. Let u = -10 + 5. Calculate k(u).
-1
Let b = 506 - 511. Let y be 4/(126/(-30) - b). Let g(l) = -2*l + 3. Give g(y).
-7
Let h(o) be the third derivative of 0 + 1/120*o**6 + 147*o**2 - 7/30*o**5 + 0*o + 1/24*o**4 - 2*o**3. What is h(14)?
2
Let n = -20 + -45. Let v = -61 - n. Suppose -v*p = -2*p - 6. Let d(r) = -2*r**2 + 4*r - 1. Determine d(p).
-7
Let p(g) be the third derivative of -g**5/60 + g**4/24 + 4*g**3/3 + 257*g**2. Let d = 84 - 87. What is p(d)?
-4
Let r be 2 - (23 + (3 - 5)). Let h be r/(-6) - (-14)/(-84). Let j(v) = -v**3 - 2*v + 5 - h + 2 - 4*v**2. Give j(-3).
1
Let x be 18/4 + (-18)/36. Suppose -5*n - 12 = 3*j + j, x*j = -12. Let p be ((-1)/2 - n)/(1/(-2)). Let u(s) = 6*s. Determine u(p).
6
Let o(s) = s**2 + 19*s - 17. Let n(i) = 70*i + 194. Let w be n(-3). Calculate o(w).
-65
Let w be (18 + 2)/1 - (-13 + 17). Suppose 0 = 9*f + w - 97. Let z(q) = -3*q - 8 - q**3 + 0*q**2 - 4*q + f*q**2 - q**2. Determine z(7).
-8
Let j(y) = -258*y**2 - 44*y - 2. Let s(x) = 22*x**2 + 2*x + 1. Let r(l) = j(l) + 12*s(l). Give r(3).
4
Let w(x) = 4*x**2 - 11*x + 2. Let q be w(5). Let o = q + -48. Let y(p) = 15 + 15 - 3*p + 12*p - 29. Determine y(o).
-8
Let m be 4*(30/72*3 + 0). Suppose m*h = 5*c + 7*h + 36, -4*c - 21 = -h. Let y(z) = z**2 + 8*z + 12. Give y(c).
0
Let n(t) be the third derivative of -t**5/60 + 31*t**4/24 - 5*t**3/6 - 2*t**2 - 384*t. What is n(32)?
-37
Let d = -691 + -190. Let n = 885 + d. Let c(k) = 2*k**3 - 9*k**2 + 4*k - 9. Determine c(n).
-9
Let r(p) = 31*p**3 - 8*p**2 + 32*p + 118. Let s(q) = 11*q**3 - 3*q**2 + 11*q + 42. Let x(f) = -6*r(f) + 17*s(f). Calculate x(3).
-9
Let i(v) = v**3 + v**2 - 5*v - 4. Let a be i(0). Let n be 6/((-2)/(-1 - a/(-12))). Let t(r) = r**3 - 4*r**2 + 4*r - 5. Give t(n).
11
Let t(p) = -p**3 - 4*p**2 - 11*p - 4. Let k(h) = -2*h**3 - 6*h**2 - 23*h - 7. Let n(f) = -2*k(f) + 5*t(f). Let g be (8 + -10)/(4/14). What is n(g)?
8
Let j(v) = 9 - 8 + 18*v - 33 - 40 - 23*v. What is j(-13)?
-7
Suppose 37*t = 54*t + 238. Let b be 4/26 + t/(546/45). Let u(s) = 15*s**3 - s**2. Calculate u(b).
-16
Let t(k) = 4 - 98*k + 198*k + 4 - 102*k. Determine t(18).
-28
Let y = -6772 + 6773. Let n(z) = 15*z**2. What is n(y)?
15
Let x(d) = -126*d - 885. Let m be x(-7). Let v(u) = 9*u - 4*u + 1 - u. What is v(m)?
-11
Let d = -346 + 409. Suppose 14*v - d = 5*v. Let m(p) be the third derivative of -p**4/24 + p**3 - 3*p**2. Calculate m(v).
-1
Let c = -455 - -460. Suppose c*w + 35 = 2*f, w - 5*f + 18 = -12. Let z(u) = u**2 + 7*u + 6. Calculate z(w).
-4
Let f = 8 - 5. Suppose -194 - 338 = -4*r + 4*k, 2*k = -f*r + 419. Let v = r + -145. Let n(q) = -q**2 - 7*q + 7. Give n(v).
-1
Suppose 0 = 9*a + 8*a + 4556. Let c = a + 276. Let d(r) = r - 15. Give d(c).
-7
Let d(n) = 28*n**2 + n**3 - 6582*n + 4 - 8*n**2 + 5*n**2 + 6586*n - 2*n**3. Determine d(25).
104
Let t = -21 + 18. Let m(d) be the first derivative of 1/4*d**4 + d**3 + 4*d + 5/2*d**2 - 63. Calculate m(t).
-11
Let t(r) = 7*r + 4. Let i = -834 - -833. Determine t(i).
-3
Let t = 4815 + -4806. Let w(g) = 40*g - 354. Give w(t).
6
Let p(k) = -30 - 15 - 10 + 2*k - 18 + 11. What is p(27)?
-8
Let q(k) be the second derivative of k**5/120 + k**4/24 + 23*k**3/6 - 30*k. Let h(p) be the second derivative of q(p). Suppose 0 = 15*b + 6 + 39. Give h(b).
-2
Let x = -431 + 498. Suppose -60*g + 42 = -x*g. Let k(p) = -2*p - 6. Calculate k(g).
6
Let p(j) = j**2 + 7*j + 9. Let o = 163 + -158. Suppose -6*g - 6 = -o*g. Calculate p(g).
3
Let y(b) = -4*b + 14. Let v be y(5). Let q(j) = 5*j - 2. Let c(x) = 3*x - 2. Let z(l) = 5*c(l) - 4*q(l). What is z(v)?
28
Let k(q) be the second derivative of q**5/20 - q**4/4 - 5*q**3/2 + 17*q**2/2 - 1472*q. Calculate k(5).
-8
Let h = 133 + -127. Let j(t) = -4*t + 26. Let g be j(h). Let a(i) = -9*i + 10*i + 2*i**2 - i. Determine a(g).
8
Let f(k) = -29*k**3 + 40*k**2 + 13*k - 136. Let c(m) = 5*m**3 - 7*m**2 - 2*m + 23. Let l(j) = 35*c(j) + 6*f(j). Give l(5).
29
Let s(g) = g**3 - 6*g**2 + g - 7. Let q be 4/(-3) - (-328)/3. Suppose 0 = -2*m - 16*m + q. What is s(m)?
-1
Let k(g) = -4*g + 9. Let q(s) = -20*s + 58. Let w(l) = 4*k(l) - q(l). Determine w(8).
10
Let t(o) = -o - 3 + 3 + 1 - 6. Suppose 0 = -49*v + 46*v + 27. Calculate t(v).
-14
Let o(t) be the second derivative of 5*t**3/6 - 4*t**2 + 201*t. Determine o(16).
72
Let n(p) = -14*p**3 + p**2 - 3*p + 3. Let t(y) = 193*y + 580. Let f be t(-3). What is n(f)?
-13
Let z(r) be the second derivative of r**6/120 - 3*r**5/20 - r**4/12 + 2*r**3 + 32*r**2 - 2*r - 43. Let s(g) be the first derivative of z(g). Give s(9).
-6
Let a(f) = -15 - 3*f - 180*f**2 + 91*f**2 + 47 + 88*f**2. Determine a(-8).
-8
Suppose 24 = 6*q - 2*q. Let a(s) be the second derivative of -s**5/20 + 7*s**4/12 - s**3 + 9*s**2/2 - 30*s + 4. Give a(q).
9
Let u(g) = -g**3 - 3*g**2 + 8*g - 12. Suppose 304*d = 321*d + 85. What is u(d)?
-2
Let p(g) = -42*g + 7. Suppose -1507*f - 50 = -1532*f. What is p(f)?
-77
Let a(c) = 11*c - 1. Let l(p) = -p**3 - 2*p**2 - 4. Let r be l(0). Let z = r - -7. Calculate a(z).
32
Let j(